{"id":556,"date":"2022-09-07T14:43:48","date_gmt":"2022-09-07T14:43:48","guid":{"rendered":"https:\/\/aramiage.fr\/?page_id=556"},"modified":"2022-09-29T19:04:43","modified_gmt":"2022-09-29T19:04:43","slug":"istic-x-aramiage-lannuaire-des-anciens","status":"publish","type":"page","link":"https:\/\/aramiage.fr\/index.php\/istic-x-aramiage-lannuaire-des-anciens\/","title":{"rendered":"ISTIC x ARAMIAGE : L&rsquo;annuaire des Anciens"},"content":{"rendered":"\n<p style=\"font-size:18px\">De nos jours, la majorit\u00e9 des associations maintient un suivi de leurs alumnis sur une base de donn\u00e9es ou une feuille Excel, ce qui ne favorise pas le d\u00e9veloppement de r\u00e9elles interactions entre les membres. Il existe plusieurs mani\u00e8res de favoriser le r\u00e9seautage entre les anciens miagistes : organiser des \u00e9v\u00e9nements, des activit\u00e9s etc. Mais le plus important reste de fournir un annuaire des anciens qui serait accessible en ligne.<\/p>\n\n\n\n<hr class=\"wp-block-separator has-alpha-channel-opacity\"\/>\n\n\n\n<p style=\"font-size:16px\">L&rsquo;objectif de cet annuaire est de permettre aux membres d\u2019acc\u00e9der aux informations personnelles de tous les alumnis. De notre c\u00f4t\u00e9, il s\u2019agit d\u2019une opportunit\u00e9 de simplifier notre travail : les membres peuvent mettre \u00e0 jour leur profil par eux-m\u00eames. L\u2019annuaire des anciens devient alors un outil tr\u00e8s puissant pour la communication : ils pourront interagir rapidement avec n\u2019importe quel membre.<\/p>\n\n\n<div class=\"wp-block-image\">\n<figure class=\"alignleft size-large is-resized\"><img loading=\"lazy\" src=\"https:\/\/aramiage.fr\/wp-content\/uploads\/2022\/09\/istic-1-1024x284.png\" alt=\"\" class=\"wp-image-566\" width=\"363\" height=\"100\" srcset=\"https:\/\/aramiage.fr\/wp-content\/uploads\/2022\/09\/istic-1-1024x284.png 1024w, https:\/\/aramiage.fr\/wp-content\/uploads\/2022\/09\/istic-1-300x83.png 300w, https:\/\/aramiage.fr\/wp-content\/uploads\/2022\/09\/istic-1-768x213.png 768w, https:\/\/aramiage.fr\/wp-content\/uploads\/2022\/09\/istic-1.png 1436w\" sizes=\"(max-width: 363px) 100vw, 363px\" \/><\/figure><\/div>\n\n<div class=\"wp-block-image\">\n<figure class=\"alignright size-large is-resized\"><img loading=\"lazy\" src=\"https:\/\/aramiage.fr\/wp-content\/uploads\/2022\/09\/univ_rennes_1-1024x378.png\" alt=\"\" class=\"wp-image-567\" width=\"372\" height=\"138\" srcset=\"https:\/\/aramiage.fr\/wp-content\/uploads\/2022\/09\/univ_rennes_1-1024x378.png 1024w, https:\/\/aramiage.fr\/wp-content\/uploads\/2022\/09\/univ_rennes_1-300x111.png 300w, https:\/\/aramiage.fr\/wp-content\/uploads\/2022\/09\/univ_rennes_1-768x283.png 768w, https:\/\/aramiage.fr\/wp-content\/uploads\/2022\/09\/univ_rennes_1.png 1119w\" sizes=\"(max-width: 372px) 100vw, 372px\" \/><\/figure><\/div>\n\n\n<p><\/p>\n\n\n\n<hr class=\"wp-block-separator has-alpha-channel-opacity\"\/>\n\n\n\n<p style=\"font-size:16px\">Au d\u00e9veloppment : Des \u00e9tudiants de la Miage Rennaise, dans le cadre du module \u00ab\u00a0Projet professionnel\u00a0\u00bb propos\u00e9 par l&rsquo;ISTIC aux Masters 1 et 2. <\/p>\n\n\n\n<hr class=\"wp-block-separator has-alpha-channel-opacity\"\/>\n\n\n\n<p style=\"font-size:16px\">Le projet de l\u2019annuaire des anciens de l\u2019ARAMIAGE a commenc\u00e9 sur l&rsquo;ann\u00e9e scolaire 2020-2021 avec une \u00e9quipe de M1 MIAGE &amp; ensuite une \u00e9quipe de M2 MIAGE. Une \u00e9quipe de M2 MIAGE a ensuite repris et finalis\u00e9 une premi\u00e8re version livrable du projet sur l&rsquo;ann\u00e9e 2021-2022.<\/p>\n\n\n<div class=\"wp-block-image\">\n<figure class=\"aligncenter size-large\"><img loading=\"lazy\" width=\"1024\" height=\"577\" src=\"https:\/\/aramiage.fr\/wp-content\/uploads\/2022\/09\/annuaire-1024x577.jpg\" alt=\"\" class=\"wp-image-586\" srcset=\"https:\/\/aramiage.fr\/wp-content\/uploads\/2022\/09\/annuaire-1024x577.jpg 1024w, https:\/\/aramiage.fr\/wp-content\/uploads\/2022\/09\/annuaire-300x169.jpg 300w, https:\/\/aramiage.fr\/wp-content\/uploads\/2022\/09\/annuaire-768x433.jpg 768w, https:\/\/aramiage.fr\/wp-content\/uploads\/2022\/09\/annuaire.jpg 1136w\" sizes=\"(max-width: 1024px) 100vw, 1024px\" \/><\/figure><\/div>\n\n\n<p style=\"font-size:16px\">Il sera disponible au plus vite sur cette page. Le P\u00f4le Num\u00e9rique de l&rsquo;ARAMIAGE pr\u00e9pare actuellement un environnement de production pour d\u00e9ployer de fa\u00e7on stable l&rsquo;ensemble des applicatifs.<\/p>\n","protected":false},"excerpt":{"rendered":"<p>De nos jours, la majorit\u00e9 des associations maintient un suivi de leurs alumnis sur une base de donn\u00e9es ou une feuille Excel, ce qui ne favorise pas le d\u00e9veloppement de<\/p>\n<p><a href=\"https:\/\/aramiage.fr\/index.php\/istic-x-aramiage-lannuaire-des-anciens\/\" class=\"more-link themebutton\">Read More<\/a><\/p>\n","protected":false},"author":5,"featured_media":0,"parent":0,"menu_order":0,"comment_status":"closed","ping_status":"closed","template":"","meta":{"_price":"","_stock":"","_tribe_ticket_header":"","_tribe_default_ticket_provider":"","_tribe_ticket_capacity":"0","_ticket_start_date":"","_ticket_end_date":"","_tribe_ticket_show_description":"","_tribe_ticket_show_not_going":false,"_tribe_ticket_use_global_stock":"","_tribe_ticket_global_stock_level":"","_global_stock_mode":"","_global_stock_cap":"","_tribe_rsvp_for_event":"","_tribe_ticket_going_count":"","_tribe_ticket_not_going_count":"","_tribe_tickets_list":[],"_tribe_ticket_has_attendee_info_fields":false,"_EventAllDay":false,"_EventTimezone":"","_EventStartDate":"","_EventEndDate":"","_EventStartDateUTC":"","_EventEndDateUTC":"","_EventShowMap":false,"_EventShowMapLink":false,"_EventURL":"","_EventCost":"","_EventCostDescription":"","_EventCurrencySymbol":"","_EventCurrencyCode":"","_EventCurrencyPosition":"","_EventDateTimeSeparator":"","_EventTimeRangeSeparator":"","_EventOrganizerID":[],"_EventVenueID":0,"_OrganizerEmail":"","_OrganizerPhone":"","_OrganizerWebsite":"","_VenueAddress":"","_VenueCity":"","_VenueCountry":"","_VenueProvince":"","_VenueZip":"","_VenuePhone":"","_VenueURL":"","_VenueStateProvince":"","_VenueLat":"","_VenueLng":""},"_links":{"self":[{"href":"https:\/\/aramiage.fr\/index.php\/wp-json\/wp\/v2\/pages\/556"}],"collection":[{"href":"https:\/\/aramiage.fr\/index.php\/wp-json\/wp\/v2\/pages"}],"about":[{"href":"https:\/\/aramiage.fr\/index.php\/wp-json\/wp\/v2\/types\/page"}],"author":[{"embeddable":true,"href":"https:\/\/aramiage.fr\/index.php\/wp-json\/wp\/v2\/users\/5"}],"replies":[{"embeddable":true,"href":"https:\/\/aramiage.fr\/index.php\/wp-json\/wp\/v2\/comments?post=556"}],"version-history":[{"count":15,"href":"https:\/\/aramiage.fr\/index.php\/wp-json\/wp\/v2\/pages\/556\/revisions"}],"predecessor-version":[{"id":592,"href":"https:\/\/aramiage.fr\/index.php\/wp-json\/wp\/v2\/pages\/556\/revisions\/592"}],"wp:attachment":[{"href":"https:\/\/aramiage.fr\/index.php\/wp-json\/wp\/v2\/media?parent=556"}],"curies":[{"name":"wp","href":"https:\/\/api.w.org\/{rel}","templated":true}]}}