{"id":441,"date":"2022-07-05T17:43:17","date_gmt":"2022-07-05T17:43:17","guid":{"rendered":"https:\/\/aramiage.fr\/?page_id=441"},"modified":"2022-10-01T16:09:07","modified_gmt":"2022-10-01T16:09:07","slug":"miageconnection-x-aramiage","status":"publish","type":"page","link":"https:\/\/aramiage.fr\/index.php\/miageconnection-x-aramiage\/","title":{"rendered":"MIAGE CONNECTION x ARAMIAGE"},"content":{"rendered":"\n<p class=\"has-medium-font-size\"><strong>MIAGE Connection est une association de loi de 1901, cr\u00e9\u00e9e en 2004. Il s&rsquo;agit d&rsquo;une f\u00e9d\u00e9ration de fili\u00e8re regroupant ainsi un large panel d&rsquo;associations attach\u00e9es au Master MIAGE.<\/strong> <strong>L\u2019ARAMIAGE est adh\u00e9rente \u00e0&nbsp; MIAGE Connection depuis 2020.<\/strong><\/p>\n\n\n<div class=\"wp-block-image is-style-default\">\n<figure class=\"aligncenter size-large is-resized\"><img loading=\"lazy\" src=\"https:\/\/aramiage.fr\/wp-content\/uploads\/2022\/08\/miageco-1024x287.jpg\" alt=\"\" class=\"wp-image-545\" width=\"949\" height=\"265\" srcset=\"https:\/\/aramiage.fr\/wp-content\/uploads\/2022\/08\/miageco-1024x287.jpg 1024w, https:\/\/aramiage.fr\/wp-content\/uploads\/2022\/08\/miageco-300x84.jpg 300w, https:\/\/aramiage.fr\/wp-content\/uploads\/2022\/08\/miageco-1536x431.jpg 1536w, https:\/\/aramiage.fr\/wp-content\/uploads\/2022\/08\/miageco.jpg 1902w\" sizes=\"(max-width: 949px) 100vw, 949px\" \/><\/figure><\/div>\n\n\n<p class=\"has-medium-font-size\"><strong>Elle f\u00e9d\u00e8re les diff\u00e9rents acteurs de la fili\u00e8re :&nbsp;<\/strong><\/p>\n\n\n\n<ul style=\"font-size:16px\"><li>Les BDE (la BIG est adh\u00e9rente) : Animent la vie \u00e9tudiante<\/li><\/ul>\n\n\n\n<p><\/p>\n\n\n\n<ul style=\"font-size:16px\"><li>Les Juniors-Entreprises (nous n\u2019en avons pas \u00e0 Rennes) : D\u00e9veloppent l&rsquo;esprit d&rsquo;entreprendre des \u00e9tudiants<\/li><\/ul>\n\n\n\n<p><\/p>\n\n\n\n<ul style=\"font-size:16px\"><li>Les Almunis (comme notre asso) : D\u00e9veloppent et animent le r\u00e9seau post-\u00e9tudes<\/li><\/ul>\n\n\n\n<p><\/p>\n\n\n\n<ul style=\"font-size:16px\"><li>Les \u00c9lus \u00e9tudiants : Repr\u00e9sentent et d\u00e9fendent les droits des \u00e9tudiants<\/li><\/ul>\n\n\n\n<div style=\"height:18px\" aria-hidden=\"true\" class=\"wp-block-spacer\"><\/div>\n\n\n\n<p class=\"has-medium-font-size\"><strong>Les objectifs de MIAGE Connection sont :<\/strong><\/p>\n\n\n\n<ul style=\"font-size:16px\"><li>De repr\u00e9senter et de d\u00e9fendre les droits et int\u00e9r\u00eats mat\u00e9riels et moraux, tant collectifs qu\u2019individuels des \u00e9tudiants de la fili\u00e8re MIAGE, et d\u2019exprimer leurs positions sur tous les sujets les concernant aupr\u00e8s des pouvoirs publics et de l\u2019opinion<\/li><\/ul>\n\n\n\n<ul style=\"font-size:16px\"><li>De promouvoir le dipl\u00f4me MIAGE aupr\u00e8s des futurs \u00e9tudiants, des institutions et du monde professionnel<\/li><\/ul>\n\n\n\n<ul style=\"font-size:16px\"><li>De contribuer au d\u00e9veloppement de toute action permettant de favoriser l\u2019insertion professionnelle des \u00e9tudiants en MIAGE<\/li><\/ul>\n\n\n\n<ul style=\"font-size:16px\"><li>De d\u00e9velopper les liens, les \u00e9changes, la coop\u00e9ration et la solidarit\u00e9 entre ses associations membres<\/li><\/ul>\n\n\n\n<ul style=\"font-size:16px\"><li>De promouvoir l\u2019esprit d\u2019association, l\u2019esprit d\u2019entreprendre et de l\u2019esprit de solidarit\u00e9 chez les \u00e9tudiants de MIAGE<\/li><\/ul>\n\n\n\n<ul style=\"font-size:16px\"><li>De r\u00e9aliser des actions pour former et informer les \u00e9tudiants et dipl\u00f4m\u00e9s en MIAGE et leurs repr\u00e9sentants dans les instances de l\u2019enseignement sup\u00e9rieur<\/li><\/ul>\n\n\n\n<div style=\"height:16px\" aria-hidden=\"true\" class=\"wp-block-spacer\"><\/div>\n\n\n\n<p class=\"has-medium-font-size\"><strong>Lors de chacun de ses mandats, MIAGE Connection organise 4 \u00e9v\u00e9nements majeurs qui permettent aux administrateurs et au bureau national de se retrouver pour administrer la f\u00e9d\u00e9ration :<\/strong><\/p>\n\n\n\n<ul style=\"font-size:16px\"><li><strong>Congr\u00e8s D\u2019Hiver (CDH) :<\/strong> Lors de cet \u00e9v\u00e9nement, les administrateurs proc\u00e8dent \u00e0 l\u2019\u00e9lection du nouveau bureau de MIAGE Connection. L\u2019\u00e9quipe actuelle est visible <a href=\"https:\/\/www.miage-connection.fr\/miage-connection\/le-bureau-national#h.3lw07dc8f1p9\">ici<\/a>. Nous \u00e9tions pr\u00e9sents au dernier en date : <img style=\"width: 1000px;\" src=\"https:\/\/lh4.googleusercontent.com\/NlUJucPdmdvueMZL4IVbCak7_7ntqRxcF93UcCE0rvF1890xE275UCNIE-9I-zkG5j0-JzmyoPjlVDQKXgdCAMJFEu-Fe6AlrirFkyE9voCJKQ8mb4pYdGrHspCVdtajm0QeyIGOYZEUcZ25CQSG5bM\"><\/li><\/ul>\n\n\n\n<ul style=\"font-size:16px\"><li><strong>Spring Connection : <\/strong>Voici la photo de fin du Spring de l\u2019ann\u00e9e 2022 (vous devriez apercevoir un certain drapeau) :<\/li><\/ul>\n\n\n\n<h2 class=\"has-text-align-center\" style=\"font-size:16px\"><img loading=\"lazy\" width=\"369\" height=\"368\" src=\"https:\/\/lh3.googleusercontent.com\/ni_cl8S6Mtxt9bSeUW8otbXtj8TY3-qheCgkKPdVG2ilfJzGx1PAww2l3eLFlHd7ny3Qsg259nLTdh_XJSURJjMaVkChQWj7hqijlUNYGn4UP4g7U0mjGS1ap1B7ut8wykzDLqBNPI3O3pMOsdU0fGs\"><\/h2>\n\n\n\n<ul style=\"font-size:16px\"><li><strong>MIAGE Intensive Camp (MIC) :<\/strong> Premier \u00e9v\u00e9nement en pr\u00e9sentiel depuis la phase Covid, nous \u00e9tions \u00e9galement pr\u00e9sents au MIC 2021 qui s\u2019est d\u00e9roul\u00e9 \u00e0 Grenoble !<\/li><\/ul>\n\n\n\n<h2 class=\"has-text-align-center\" style=\"font-size:16px\"> <img loading=\"lazy\" width=\"570\" height=\"262\" src=\"https:\/\/lh3.googleusercontent.com\/0I09RtYUy0fTH55uVJDxT7mksSq0pgEUjFJVMn3eEb4iNx5ESyBV_b2KuHuCmt3SAoYnne2X3I0hvywv9EQl1JUhik8u7DoOWjAzQqSrysVwQ0NmPNJ6W3OcFWs-ETzcAhF2g7gRsmM2cDBsqKKAzT8\"><\/h2>\n\n\n\n<div class=\"wp-container-9 wp-block-columns\">\n<div class=\"wp-container-8 wp-block-column\" style=\"flex-basis:100%\">\n<div class=\"wp-container-7 wp-block-columns\">\n<div class=\"wp-container-6 wp-block-column\" style=\"flex-basis:100%\">\n<div class=\"wp-container-5 wp-block-group\"><div class=\"wp-block-group__inner-container\">\n<div class=\"wp-container-4 wp-block-columns\">\n<div class=\"wp-container-3 wp-block-column\" style=\"flex-basis:100%\">\n<div class=\"wp-container-2 wp-block-columns\">\n<div class=\"wp-container-1 wp-block-column\" style=\"flex-basis:100%\">\n<ul style=\"font-size:16px\"><li><strong>Winter Connection :<\/strong> Le dernier s\u2019est d\u00e9roul\u00e9 \u00e0 Nancy du 14 au 16 janvier 2022, et l\u2019ARAMIAGE \u00e9tait de la partie !\u00a0<strong><img src=\"https:\/\/lh4.googleusercontent.com\/0YXRm8OC0pNmistmmih72Dj50KdmDnBe8wrvx3GBrx8IXqTsbW5-e7mDZPicEwVGNbzntjUNwzJq28jwMCUZIYjiC4DwCdxtxRgirL998VVFDTVBr9OLZWUO8YlhrGNNtNieuPbfeAh9sEbcC9ae9qU\" style=\"\"><\/strong><\/li><\/ul>\n<\/div>\n<\/div>\n<\/div>\n<\/div>\n<\/div><\/div>\n<\/div>\n<\/div>\n<\/div>\n<\/div>\n","protected":false},"excerpt":{"rendered":"<p>MIAGE Connection est une association de loi de 1901, cr\u00e9\u00e9e en 2004. Il s&rsquo;agit d&rsquo;une f\u00e9d\u00e9ration de fili\u00e8re regroupant ainsi un large panel d&rsquo;associations attach\u00e9es au Master MIAGE. L\u2019ARAMIAGE est<\/p>\n<p><a href=\"https:\/\/aramiage.fr\/index.php\/miageconnection-x-aramiage\/\" class=\"more-link themebutton\">Read More<\/a><\/p>\n","protected":false},"author":5,"featured_media":0,"parent":0,"menu_order":0,"comment_status":"closed","ping_status":"closed","template":"","meta":{"_price":"","_stock":"","_tribe_ticket_header":"","_tribe_default_ticket_provider":"","_tribe_ticket_capacity":"0","_ticket_start_date":"","_ticket_end_date":"","_tribe_ticket_show_description":"","_tribe_ticket_show_not_going":false,"_tribe_ticket_use_global_stock":"","_tribe_ticket_global_stock_level":"","_global_stock_mode":"","_global_stock_cap":"","_tribe_rsvp_for_event":"","_tribe_ticket_going_count":"","_tribe_ticket_not_going_count":"","_tribe_tickets_list":[],"_tribe_ticket_has_attendee_info_fields":false,"_EventAllDay":false,"_EventTimezone":"","_EventStartDate":"","_EventEndDate":"","_EventStartDateUTC":"","_EventEndDateUTC":"","_EventShowMap":false,"_EventShowMapLink":false,"_EventURL":"","_EventCost":"","_EventCostDescription":"","_EventCurrencySymbol":"","_EventCurrencyCode":"","_EventCurrencyPosition":"","_EventDateTimeSeparator":"","_EventTimeRangeSeparator":"","_EventOrganizerID":[],"_EventVenueID":0,"_OrganizerEmail":"","_OrganizerPhone":"","_OrganizerWebsite":"","_VenueAddress":"","_VenueCity":"","_VenueCountry":"","_VenueProvince":"","_VenueZip":"","_VenuePhone":"","_VenueURL":"","_VenueStateProvince":"","_VenueLat":"","_VenueLng":""},"_links":{"self":[{"href":"https:\/\/aramiage.fr\/index.php\/wp-json\/wp\/v2\/pages\/441"}],"collection":[{"href":"https:\/\/aramiage.fr\/index.php\/wp-json\/wp\/v2\/pages"}],"about":[{"href":"https:\/\/aramiage.fr\/index.php\/wp-json\/wp\/v2\/types\/page"}],"author":[{"embeddable":true,"href":"https:\/\/aramiage.fr\/index.php\/wp-json\/wp\/v2\/users\/5"}],"replies":[{"embeddable":true,"href":"https:\/\/aramiage.fr\/index.php\/wp-json\/wp\/v2\/comments?post=441"}],"version-history":[{"count":12,"href":"https:\/\/aramiage.fr\/index.php\/wp-json\/wp\/v2\/pages\/441\/revisions"}],"predecessor-version":[{"id":632,"href":"https:\/\/aramiage.fr\/index.php\/wp-json\/wp\/v2\/pages\/441\/revisions\/632"}],"wp:attachment":[{"href":"https:\/\/aramiage.fr\/index.php\/wp-json\/wp\/v2\/media?parent=441"}],"curies":[{"name":"wp","href":"https:\/\/api.w.org\/{rel}","templated":true}]}}